 - 93. What is the tens digit of k(-10)?
6
Let j(l) = 8*l**3 + 3*l - 2. Suppose -2*s = 0, 3*f + 3*s = -2*f - 30. Let y be (f/4)/(18/(-24)). What is the tens digit of j(y)?
6
Suppose 2*q + 2*q - 12216 = 2*p, 3*p = 4*q - 12212. What is the units digit of q?
6
Suppose 0 = -6*c - 1790 + 404. Let z = -159 - c. What is the units digit of z?
2
Let a(z) = -48*z**3 - z**2 + 2*z + 2. Suppose 0 = -0*t - 2*t, -3*w - 186 = 3*t. Let u = w - -61. What is the tens digit of a(u)?
4
Let m = 162 + -130. Suppose -b = 5*w - 3400, 35*w + 5*b - 2062 = m*w. What is the units digit of w?
9
Suppose -w - 18 = -5*a, w - 2*a - 1 + 7 = 0. Suppose w*x - 123 = 319. What is the tens digit of x?
2
Suppose 5*r = -3*w - 61 + 15, -5*w - 50 = -5*r. Let b(c) = -c**2 - 12*c. Let o be b(w). Let v(s) = -s**3 + s**2 - s + 16. What is the units digit of v(o)?
6
Suppose 4*l = l - 15. Let x(b) = b**3 + 4*b**2 - 8*b - 5. Let o be x(l). Suppose o*u = 6*u + 20. What is the units digit of u?
5
Suppose -12 = 14*s - 18*s. Suppose 0*l = 3*v + 4*l - 686, 4*l + 694 = s*v. What is the tens digit of (v - 4)/(-2)*-1?
1
Let v = 741 + -350. Let r = v - 275. What is the units digit of r?
6
Let v(q) = 2*q**2 + 33*q + 47. Let s = -435 + 414. What is the hundreds digit of v(s)?
2
Let k(i) = -i**3 - 12*i**2 - 7*i - 13. Let z be k(-12). Let o(b) = -59*b - 33. Let d be o(-4). Let f = d - z. What is the units digit of f?
2
Let i be 3/(-4)*-4 + -1*11. Let f be (-1)/(8/12*6/i). Suppose 3*k - 607 = f*q, 206 = -3*k + 4*k + 3*q. What is the tens digit of k?
0
Suppose -3*l - 16 = -4, -5*u = l - 5266. Let z = u - 292. What is the hundreds digit of z?
7
Let p = 542 - 235. Let g(r) = -2*r - 7. Let v be g(-7). Suppose v = -5*j + p. What is the tens digit of j?
6
Suppose 5*v = 2 + 13. Let k be (-20)/(-4) + v*2/3. What is the hundreds digit of -1*k/((-35)/1395)?
2
Suppose -17*r + 728 = 9*r. Suppose 31*d - 828 = r*d. What is the units digit of d?
6
Let v(d) = -d**2 + 29*d - 3113. Let o be v(0). Let u = o - -4372. What is the units digit of u?
9
What is the thousands digit of 7/(-1)*(-191424)/448?
2
Suppose 5*i - 6*i + 3 = 0. Suppose i*c - 240 = -2*c. Let w = 27 + c. What is the units digit of w?
5
What is the tens digit of -376685*(-3)/195 + -5 + 126/26?
9
Let j(x) = x**3 + 71*x**2 + 215*x + 202. What is the tens digit of j(-66)?
9
Suppose -4*y - 4803 = -2*j - 347, -4*j = -6*y - 8916. What is the units digit of j?
2
Let u = 29867 - -46028. What is the thousands digit of u?
5
Suppose -82*u + 1578004 + 2290510 = 0. What is the units digit of u?
7
Let v = -18615 + 43313. What is the thousands digit of v?
4
Let k(j) = 6*j**3 + 17*j**2 - 37*j + 167. What is the hundreds digit of k(11)?
8
What is the hundreds digit of (172/(-8))/(8*(-3)/18672)?
7
Suppose 3*w - 2*w + 6 = -2*g, -w - 3*g - 7 = 0. What is the tens digit of (3 - (w - -10)) + (1 - -374)?
7
Suppose 50*g - 850782 - 1598418 = 0. What is the thousands digit of g?
8
Suppose -28*k = -25*k - 885. Suppose -4*h + 0*y + 580 = 5*y, -276 = -2*h + y. Let o = k - h. What is the hundreds digit of o?
1
Suppose -26*d = -31*d + m - 890, 4*d - 4*m + 696 = 0. Let q be 1*(1 - 2 - 104). Let h = q - d. What is the units digit of h?
4
Let t be 414 - 0/(-10) - -6. Suppose 5*q - 36 = -3*k - 14, q - 18 = -4*k. Suppose -k*g = 3*g - t. What is the units digit of g?
0
Suppose -21 = -2*o + 149. Suppose 0 = -t + 490 + o. What is the units digit of t?
5
Let m = 5905 + 28011. What is the tens digit of m?
1
Let r be 37 - (-12 + 5) - -5. Suppose -r = -9*x + 4973. What is the tens digit of x?
5
Let g(c) = -20*c**2 - 7*c - 18. Let t be g(-9). What is the tens digit of (24/(-5))/(35/t)?
1
Let g(z) = 10*z - 12. Let x be g(-4). What is the units digit of (-897)/x*88/3 - 2?
4
Suppose -5*k - 6 + 36 = 0. Suppose 0 = -k*f - 2*f + 2*f. Suppose -z + 478 = 5*o + 3*z, -4*z - 12 = f. What is the tens digit of o?
9
Let g(d) = -144*d + 66*d + 95*d + 20 + d**2. Suppose 9 = -2*k + o - 28, 3*k = 3*o - 54. What is the tens digit of g(k)?
5
Suppose 42 = 27*v - 12. What is the hundreds digit of (-77)/(-21)*222/v?
4
Suppose -5*v + b + 6812 = 0, -4*b = -4*v + 8266 - 2826. What is the units digit of v?
3
Let f(x) = x**2 - 10*x + 28. Let m be f(9). Let l(t) = -t**3 + 19*t**2 + 6*t - 44. What is the units digit of l(m)?
0
Let d be 120/(-104) + 1 - 134/(-26). Let r = 291 + -195. Suppose 2*w = d*w - r. What is the tens digit of w?
3
Suppose -5*c = -2*a - 130585, -5*c - a + 122430 = -8140. What is the ten thousands digit of c?
2
Let b(m) = 29 + 2*m**2 + 8*m + 6*m**2 - 6*m**2 + 8*m**2. What is the units digit of b(-6)?
1
Let v(s) = -s**2 + 8*s - 19. Suppose 24 = f + 4*f + 4*w, 2*f - w - 20 = 0. Let d be v(f). Let p = d - -86. What is the units digit of p?
7
Let c = -255 + 266. Suppose 16 = c*g + 5*g. What is the units digit of g?
1
Suppose 383 - 61 = 14*m. Let q(t) = 15*t**2 + 21*t**2 + t**3 + 13*t - 24 - m*t**2. What is the units digit of q(-9)?
3
Suppose 0 = -17*l + 292 + 31. Suppose -21*k = l*k - 28720. What is the hundreds digit of k?
7
Suppose 14*j + 46953 - 356803 = 7950. What is the units digit of j?
0
Suppose 0 = -5*b - 15, 0 = 5*h + 3*b - 0*b + 2854. Let a = -251 - h. What is the tens digit of a?
1
Suppose -4*h + 10107 = z + 2*z, z - 3350 = 5*h. What is the thousands digit of z?
3
Suppose -4*l - 2611 = w - 30786, 4*w - 112726 = -3*l. What is the units digit of w?
3
Let c = 2321 + -1580. What is the hundreds digit of c?
7
Let v be 3/(-1 + (-20)/(-21)). What is the tens digit of (62 + v)*(-389)/1?
8
Let d(h) = 1041 - 2*h - 1048 + 6*h. Let s = 5 + 0. What is the tens digit of d(s)?
1
Let a = -10355 + 18438. What is the units digit of a?
3
Let z(h) = 64*h + 58. Let n be z(18). Suppose 5*a = 10, 4*k - a + 6*a = n. What is the units digit of k?
0
Suppose -i = 2*x + 190, i - 6*i - 958 = 2*x. Let p = 401 + i. What is the tens digit of p?
0
Let h(s) = -s**3 - 28*s**2 + s + 53. Let p be (0 + 28)/((-1 + 2)*-1). What is the units digit of h(p)?
5
What is the thousands digit of ((-51)/2)/((-42)/2212)?
1
Let m(s) = 6*s**2 + 9*s + 23. Let z = -177 - -187. What is the units digit of m(z)?
3
Let b(p) be the second derivative of -7/2*p**2 + 1/3*p**3 + 1/6*p**4 + 14*p + 0. What is the units digit of b(4)?
3
Let g(w) = -2*w**3 - 71*w**2 - 93*w - 592. What is the tens digit of g(-43)?
4
Let t(b) be the first derivative of -2*b**3/3 - 29*b**2/2 - 7*b + 3. Let s(m) = m**2 - 88*m + 409. Let a be s(5). What is the tens digit of t(a)?
9
Suppose -5*i + 25 = 0, 0*q + 4*q + 2*i = -98. Let o = q - -37. What is the units digit of o/(-55) + (-563)/(-11)?
1
Let m(o) = 27*o + 18. Suppose -32 = 18*x - 14*x. Let u be m(x). Let n = u + 445. What is the tens digit of n?
4
Suppose -3*g = -15, 1999 = 4*j - 0*g + 3*g. Let z = j - 79. What is the tens digit of z?
1
Let q(d) = 3899*d**2 + 11*d - 40. What is the ten thousands digit of q(2)?
1
Let c(x) = -x**3 + 5*x - 5. Let s be c(-3). Suppose -s = -k - 2. Suppose -k*z = 5, -2*b + 3*z = -6*b + 53. What is the units digit of b?
4
Let t(v) be the first derivative of 137*v**2/2 + 3*v - 14. What is the tens digit of t(2)?
7
Let z(q) = 10*q - 13*q + 27*q - 17. Let n(h) = -3*h**2 - 15*h - 6. Let s be n(-3). What is the hundreds digit of z(s)?
2
Let x(s) = 12755*s**3 + s**2 + 20*s - 20. What is the thousands digit of x(1)?
2
Let r = 49 + -145. Let f be (1 - -2)*1 - (r - 8). Let k = -30 + f. What is the units digit of k?
7
Let c be (-5 - (-3)/(-2))*-10. Let o(l) = c*l - 88*l - 6 + 15 - 61*l. What is the tens digit of o(-2)?
7
Suppose 9*r = -158658 - 121674. What is the tens digit of r/(-60) - (-20)/(-150)?
1
Let f = -1722 + 3083. Let b = 2401 - f. What is the thousands digit of b?
1
Let w = 13 - -543. Suppose 5*m = w + 9. What is the units digit of m?
3
Let v(f) be the first derivative of 266*f**3 + f**2/2 - f - 20. Let j be v(1). Suppose 3*u + 4*c - 3*c - j = 0, 3*u - c = 804. What is the hundreds digit of u?
2
Let s(w) = -w - 1. Let j be s(-3). What is the hundreds digit of 8*42*2/j?
3
Let p(k) = -10*k - 6. Let g be p(-2). Suppose -3*c - 2*u = -17, -4*c + u + u = -18. Suppose f = -c*h + 14 + g, 2*h - 16 = 2*f. What is the units digit of h?
6
Let r = -60 - -43. Let d = r + 57. Suppose z - d = 35. What is the units digit of z?
5
Let m(o) = -o**3 - 5*o**2 + 5*o + 14. Let w = 99 + -57. Suppose 5*c = d + d - w, 4*c + 4*d + 